 (-124)/(-30). Let a be ((-2)/(-6))/(x/(-24)). Determine f(a).
-11
Let j be (-4)/12 + (-28)/6. Let a = j + 12. Let o(k) = -4 + a*k - 6*k - 3. What is o(7)?
0
Let r(z) be the first derivative of z**7/840 + z**6/72 - z**5/30 + 8*z**3/3 + 3. Let l(f) be the third derivative of r(f). Determine l(-5).
20
Let b(g) = -3*g + 4*g + g. Suppose 0*c = 2*o - c + 2, -5*o + 3*c = 3. What is b(o)?
-6
Let j(b) = -6*b + 5. Suppose 7*h = 25*h + 90. Give j(h).
35
Let s(c) = 2*c**3 + 74*c**2 - 74*c + 88. Let b be s(-38). Let n(j) = -j + 19. Calculate n(b).
7
Let a(y) = -y**3 - 5*y**2 - y - 1. Let r = 260 - 265. Determine a(r).
4
Let i(l) = -l - 4. Suppose 0 = -5*z - 0 - 15. Let q be ((4 - 3)*z)/((-12)/(-8)). Calculate i(q).
-2
Let v(o) be the third derivative of o**5/30 + 5*o**4/12 + 4*o**3/3 - 56*o**2 + 2*o. What is v(-6)?
20
Let j(d) = d**3 - 11*d**2 + 9*d + 8. Let h(s) = -s**3 + s**2 + s + 1. Let w(a) = 2*h(a) + j(a). Suppose -4*r - 45 = -2*m + m, -r - 15 = -m. Calculate w(r).
0
Let c(y) = 2*y**2 - 20*y - 17. Let h = -3 + 20. Let t(i) = -i**2 + 7*i + 6. Let b(m) = h*t(m) + 6*c(m). Suppose -8*v + 4*v = -4. Calculate b(v).
-6
Let n(i) = -i**3 + 2*i**2 + 0 - 42*i + 3 + 36*i + 4*i**2. Let c be (-2)/6 - 46/6. Let y be (-38)/(-8) - 2/c. Calculate n(y).
-2
Let g(c) be the first derivative of -4*c - 2*c**3 - 8 - 4*c**2 - 1/4*c**4. Give g(-5).
11
Let s(d) = -d**3 + 5*d**2 + 5*d + 7. Let t(v) be the second derivative of -1/12*v**4 + 10*v + 0 + 3*v**2 + 19/6*v**3. Let m be t(19). Calculate s(m).
1
Let z be (-11 + 4 - -2) + 5. Let i(f) = -f + 2. Determine i(z).
2
Suppose 5*i + j + 45 = 68, -19 = -4*i - j. Let v(k) = k**2 - 4*k + 3. Determine v(i).
3
Suppose 5*b = 4*d + 191, 5*d + 39 = 3*b - 73. Suppose -b*h + 42*h = 15. Let z(m) = -m**2 + 7*m - 5. What is z(h)?
5
Let d(x) = -6*x + 1. Let y(v) = v**3 + 7*v**2 + 2. Let r be y(-7). Suppose 1 = w - r. Let u be ((-1)/(4 - w))/1. Determine d(u).
7
Let p = 6 + -8. Let u(b) = b**2 + 7*b - 4. Let o(s) = s**2 + 10*s - 5. Let k(a) = 2*o(a) - 3*u(a). Determine k(p).
0
Suppose -350*o + 6 = -347*o. Let y(d) be the third derivative of 0*d**3 + 1/120*d**6 + 0 + 0*d + 1/15*d**5 - 7/24*d**4 + 6*d**o. What is y(-5)?
10
Let j(a) be the second derivative of -a**4/12 - 5*a**3/6 - a**2/2 - 2*a. Let y(t) = t**2 - 14*t + 8. Let b be y(13). Let h = -10 - b. Calculate j(h).
-1
Let v = 6 - 0. Suppose v*r = 3*r + 3. Let g(a) = -7*a**2 - 2*a + 1. Determine g(r).
-8
Let b be (2 + (-8)/3)/(4/18). Let n(j) be the first derivative of j**5/120 - j**4/6 - j**3 - 2. Let g(y) be the third derivative of n(y). Calculate g(b).
-7
Let j be (5 + -3 - 2)/(-1). Suppose 0 = -3*q - j*q. Let o(c) = -c**3 + c - 10. What is o(q)?
-10
Let q(d) be the first derivative of 2 + 5/3*d**3 + 0*d + 0*d**2. Let y = -214 - -215. Give q(y).
5
Let u(a) be the first derivative of -9*a**2/2 - 12*a + 489. Determine u(-4).
24
Let a(j) = -13 + j**2 + 8 + 1 + j**3 - 6*j**2. Let i(t) = -t**2 + 8*t - 2. Let r be i(7). Give a(r).
-4
Let d be 0/3 + 50/10. Let g(s) = 5*s - 3*s - d*s + 3. Give g(8).
-21
Let v = 54 - 58. Let g(s) = 2*s - 12. Let o be g(9). Let b(p) = 5*p + 11 - o - 2*p. Calculate b(v).
-7
Let m(c) = -27*c - 8*c**2 + 9*c + 3 + c**3 + 12*c + 14*c + 1. Determine m(7).
11
Let f(j) = 10*j**2 + 6*j - 13. Let i(x) = 3*x**2 + 2*x - 4. Let s(o) = -2*f(o) + 7*i(o). Let a be 3*1*8/12. Calculate s(a).
6
Suppose -8*u + 7 = -u. Let x(w) = -6*w + 6*w + 4*w**2 + 2*w + u + 4*w**2. Give x(-1).
7
Let p(g) = 2*g**3 + 17*g**2 - g + 6. Let h(v) = 3*v**3 + 20*v**2 - 2*v + 7. Let k(m) = -3*h(m) + 4*p(m). What is k(8)?
19
Let q be 2*((-19)/114 + (-15)/18). Let n(l) = l**3 + l**2 - 5*l - 4. What is n(q)?
2
Suppose -2*k - 3 + 5 = 0. Let g(m) be the third derivative of -5*m**4/12 + 9*m**2. Calculate g(k).
-10
Let v(s) = -s**2 + 10*s - 6. Suppose -6*x = x - 28. What is v(x)?
18
Let b(j) = -2*j**2 + 3 - 3 - 2*j - 1. Let m(s) = -2*s**3 - 7*s**2 - 4*s - 3. Let o be m(-3). Suppose 3*z = -o*z + 6. Determine b(z).
-13
Let w(q) = -q**3 + 4*q**2 - 3*q - 4. Let p be w(3). Let d be (30/(-12))/((-2)/p). Let c(m) = -492*m + 11 + 12 + 493*m - 21. What is c(d)?
-3
Let u(j) be the second derivative of 1/2*j**2 + 0 + 7/6*j**3 - 19*j - 1/12*j**4. Give u(5).
11
Let w(c) be the second derivative of -c**3 + 3*c**2 + 0 - 3*c + 1/12*c**4. Let i(h) = 2*h + 4. Let q be i(0). Determine w(q).
-2
Let k(h) = -2*h - 27 + 17*h**2 + 3 - 16*h**2 - 2*h. What is k(7)?
-3
Let q(z) = 10 + 4*z + 5 - 17 + 5*z. Determine q(-2).
-20
Let b(u) = 3*u - 8. Suppose j + 5*t - 18 = 0, 3*j + 17*t - 13*t - 32 = 0. Calculate b(j).
16
Let q(v) be the first derivative of -v**4/4 - 8*v**3/3 + 4*v**2 - 12*v + 109. Give q(-9).
-3
Let a = 40 - 22. Let k be (2 + 62/(-8))*4. Let l = k + a. Let g(f) = f + 4. Calculate g(l).
-1
Suppose -25*s + 75 = -10*s. Let q(y) = -y**2 + 2*y + 1. Determine q(s).
-14
Let j(o) be the first derivative of o**2/2 - 15*o + 417. What is j(6)?
-9
Let s(k) be the third derivative of -k**5/60 + k**4/3 - 7*k**3/6 + k**2. Let j be ((-36)/15 - -2)*-50*3. Suppose j = 13*u - 3*u. Determine s(u).
5
Let b(a) = a**3 - a**2 - a - 20. Suppose 7*v - 18*v = 16*v. Calculate b(v).
-20
Let f(w) be the second derivative of -1/12*w**4 - 7/2*w**2 + 6*w + 0 - w**3. Give f(-6).
-7
Suppose 0 = 5*b + 11 - 21. Suppose -h + 1 = b*z, -4*z + 3*h + 6 = h. Let j(n) = -n**3 - n**2 - n + 1. What is j(z)?
-2
Suppose -13*o - 39 + 3 = -10. Let c(j) be the second derivative of j**4/12 + 2*j**3/3 + j**2/2 + j. Give c(o).
-3
Let p(b) = 3*b**3 - 4*b**2 + 4*b + 1. Let w(m) = 16*m**3 - 20*m**2 + 21*m + 6. Let j(h) = 11*p(h) - 2*w(h). Let i = 349 - 346. Calculate j(i).
-4
Let u(g) = -8*g**3 + 2*g**2 - 2*g + 1. Let s(k) be the second derivative of 0 + 1/6*k**3 + 5*k + 7/2*k**2. Let r be s(-6). Give u(r).
-7
Let t(l) = -l**2 - 21*l - 44. Let q be t(-19). Suppose 3*s - 9 = -0. Let u(d) = 5 + 8*d - 5*d**2 + 3 - 1 - d**s. What is u(q)?
-5
Let n(q) be the third derivative of -q**5/60 - q**4/12 + q**3/2 - 72*q**2. Determine n(-6).
-21
Let m(j) = -10*j**2 - 8*j + 3 + 0*j**3 + j**3 + 5 + 5*j**2. Determine m(6).
-4
Let s(n) be the second derivative of n**5/120 + n**4/6 - 8*n**3/3 + 7*n - 2. Let l(y) be the second derivative of s(y). What is l(-7)?
-3
Let d(g) = 3342*g - 3335*g + 3*g**2 + g**2 - 5*g**2 - 1. Let h be 1*(2 + 0) - -1. Give d(h).
11
Let u(c) = c - 7. Let i be u(9). Suppose -i*t = -t - 2. Let z(j) = 3*j**2 - 5*j - t + j + 2*j**3 + 1. What is z(-3)?
-16
Let j be 0/(-6)*2/(-4). Let c(g) = -5*g**2 - 3*g**3 + j*g**3 + 7*g + 2*g**3 + 0*g**3 + 3. Calculate c(-6).
-3
Let x = 1438 - 1454. Let v(r) = r**2 + 17*r + 20. Determine v(x).
4
Let n(a) = -33693*a**2 + 6*a + 33690*a**2 - 4*a - 2*a**3 + 1. Give n(-2).
1
Let v(t) = 2*t**3 - t - 8. Let y(k) = k**3 + k**2 - 5. Let r(d) = 3*v(d) - 5*y(d). Give r(6).
19
Let u(w) = 15*w + 11. Let f(b) = -28*b - 24. Let h(a) = 6*f(a) + 13*u(a). Determine h(1).
26
Let u(v) be the second derivative of 5*v**3/6 - v**2/2 + 11*v - 1. Give u(5).
24
Let k(q) = 10*q + 15*q**2 - 72 + 91 + 18*q**2 - 32*q**2. Determine k(-8).
3
Let x = 0 + -1. Let l(y) = y + 1. Let c(h) = 5*h - 7. Let s(p) = x*l(p) - c(p). Give s(4).
-18
Suppose 2*g + 56 = -4*q, 38 = 2*g - 2*q + 64. Let s(k) = -2*k - 24. Determine s(g).
12
Let o(k) = -k - 2. Let p be (-3)/((-9)/6) - 1. Let m be -3 + p - (-24)/(-6). Calculate o(m).
4
Let p(o) = 3 + o - 5*o**2 + 16*o**3 - 15*o**3 - 8*o. Let a(u) = -u**2 - u + 2. Let w be a(0). Let v be 18/4 + 3/w. Determine p(v).
-3
Let i(b) be the second derivative of -5*b**3/6 + b**2/2 + 10*b. Let v(d) = -2*d + 1. Let t(f) = -3*i(f) + 7*v(f). What is t(5)?
9
Let v(k) = -10*k - 24. Let l(n) = 5*n + 11. Let q(u) = -7*l(u) - 3*v(u). What is q(5)?
-30
Let i(l) = 8 + 0 + 2 - 12 - 7*l. Calculate i(-1).
5
Let t(d) = 0*d + 3*d + d - 8 + 4*d. Calculate t(4).
24
Let t(i) = i**3 + 3*i**2 - 5*i - 4. Suppose 87 = -k - 2*k. Let s = k - -25. Determine t(s).
0
Suppose 9*i + 2 - 11 = 0. Let d(f) = 20*f. What is d(i)?
20
Let i(x) = -5. Let f(g) = -11 + 4*g - 3*g - 2*g + 0*g. Let h(t) = 6*f(t) - 13*i(t). Calculate h(3).
-19
Suppose 2*b = -5 + 9. Let s(u) = -3*u**b - u + 0*u**2 - u**3 + 4*u**2. Calculate s(1).
-1
Let o = -1337 + 1326. Let w(s) = -3*s - 42. What is w(o)?
-9
Let v(y) = -y**3 + 2*y**2 - 3*y + 1. Suppose -z = 5*c - 14, 6*z - 16 = 2*z. Determine v(c).
-5
Let q(d) be th